nder when 12097 is divided by 110.
107
Calculate the remainder when 14340 is divided by 101.
99
What is the remainder when 462 is divided by 110?
22
What is the remainder when 139 is divided by 99?
40
Calculate the remainder when 742 is divided by 154.
126
What is the remainder when 399 is divided by 50?
49
What is the remainder when 147 is divided by 73?
1
Calculate the remainder when 382 is divided by 96.
94
Calculate the remainder when 14457 is divided by 55.
47
Calculate the remainder when 62 is divided by 15.
2
What is the remainder when 832 is divided by 274?
10
What is the remainder when 415 is divided by 188?
39
What is the remainder when 355 is divided by 83?
23
What is the remainder when 753 is divided by 21?
18
Calculate the remainder when 498 is divided by 123.
6
What is the remainder when 694 is divided by 423?
271
What is the remainder when 14207 is divided by 145?
142
Calculate the remainder when 269 is divided by 86.
11
Calculate the remainder when 137 is divided by 43.
8
What is the remainder when 21164 is divided by 84?
80
Calculate the remainder when 3286 is divided by 110.
96
Calculate the remainder when 11520 is divided by 69.
66
What is the remainder when 252 is divided by 126?
0
What is the remainder when 486 is divided by 234?
18
Calculate the remainder when 36 is divided by 10.
6
What is the remainder when 37 is divided by 10?
7
What is the remainder when 140 is divided by 13?
10
What is the remainder when 67 is divided by 63?
4
Calculate the remainder when 1454 is divided by 98.
82
What is the remainder when 213 is divided by 117?
96
Calculate the remainder when 119 is divided by 7.
0
Calculate the remainder when 1182 is divided by 169.
168
Calculate the remainder when 194 is divided by 100.
94
Calculate the remainder when 82 is divided by 41.
0
What is the remainder when 44 is divided by 21?
2
What is the remainder when 824 is divided by 39?
5
Calculate the remainder when 2909 is divided by 91.
88
Calculate the remainder when 439 is divided by 89.
83
Calculate the remainder when 7277 is divided by 40.
37
Calculate the remainder when 192 is divided by 35.
17
Calculate the remainder when 129 is divided by 27.
21
What is the remainder when 251 is divided by 113?
25
Calculate the remainder when 765 is divided by 11.
6
Calculate the remainder when 1819 is divided by 26.
25
What is the remainder when 108 is divided by 90?
18
What is the remainder when 15 is divided by 2?
1
Calculate the remainder when 1880 is divided by 18.
8
Calculate the remainder when 16518 is divided by 35.
33
Calculate the remainder when 125 is divided by 23.
10
What is the remainder when 176 is divided by 24?
8
What is the remainder when 175 is divided by 23?
14
What is the remainder when 722 is divided by 4?
2
Calculate the remainder when 53 is divided by 27.
26
Calculate the remainder when 6297 is divided by 100.
97
Calculate the remainder when 287 is divided by 16.
15
Calculate the remainder when 20391 is divided by 11.
8
Calculate the remainder when 167 is divided by 22.
13
What is the remainder when 201 is divided by 190?
11
What is the remainder when 43 is divided by 11?
10
What is the remainder when 1771 is divided by 55?
11
Calculate the remainder when 254 is divided by 65.
59
What is the remainder when 63 is divided by 23?
17
Calculate the remainder when 125 is divided by 21.
20
Calculate the remainder when 31 is divided by 9.
4
Calculate the remainder when 8189 is divided by 90.
89
What is the remainder when 2527 is divided by 46?
43
What is the remainder when 81 is divided by 30?
21
Calculate the remainder when 1508 is divided by 18.
14
What is the remainder when 135 is divided by 24?
15
What is the remainder when 217 is divided by 13?
9
What is the remainder when 226 is divided by 19?
17
Calculate the remainder when 2339 is divided by 51.
44
Calculate the remainder when 660 is divided by 8.
4
Calculate the remainder when 282 is divided by 4.
2
What is the remainder when 1577 is divided by 393?
5
What is the remainder when 3557 is divided by 4?
1
Calculate the remainder when 376 is divided by 92.
8
What is the remainder when 857 is divided by 66?
65
Calculate the remainder when 91 is divided by 19.
15
What is the remainder when 30 is divided by 4?
2
Calculate the remainder when 1712 is divided by 101.
96
Calculate the remainder when 125 is divided by 19.
11
Calculate the remainder when 1217 is divided by 122.
119
Calculate the remainder when 742 is divided by 43.
11
What is the remainder when 64 is divided by 45?
19
What is the remainder when 349 is divided by 51?
43
What is the remainder when 122 is divided by 22?
12
What is the remainder when 13 is divided by 4?
1
Calculate the remainder when 1837 is divided by 21.
10
Calculate the remainder when 248 is divided by 83.
82
What is the remainder when 622 is divided by 26?
24
What is the remainder when 18094 is divided by 48?
46
What is the remainder when 140 is divided by 47?
46
Calculate the remainder when 48719 is divided by 58.
57
What is the remainder when 1022 is divided by 152?
110
What is the remainder when 4448 is divided by 89?
87
Calculate the remainder when 26 is divided by 5.
1
What is the remainder when 621 is divided by 57?
51
Calculate the remainder when 142 is divided by 4.
2
What is the remainder when 7314 is divided by 27?
24
Calculate the remainder when 143 is divided by 9.
8
Calculate the remainder when 193 is divided by 57.
22
Calculate the remainder when 701 is divided by 13.
12
Calculate the remainder when 1051 is divided by 1030.
21
What is the remainder when 339 is divided by 3?
0
What is the remainder when 785 is divided by 35?
15
What is the remainder when 347 is divided by 10?
7
What is the remainder when 99 is divided by 4?
3
What is the remainder when 477 is divided by 36?
9
Calculate the remainder when 117 is divided by 10.
7
What is the remainder when 329 is divided by 119?
91
Calculate the remainder when 543 is divided by 17.
16
What is the remainder when 301 is divided by 61?
57
Calculate the remainder when 353 is divided by 21.
17
What is the remainder when 3825 is divided by 43?
41
What is the remainder when 9308 is divided by 19?
17
Calculate the remainder when 191 is divided by 95.
1
What is the remainder when 686 is divided by 287?
112
What is the remainder when 425 is divided by 139?
8
What is the remainder when 6695 is divided by 35?
10
Calculate the remainder when 95 is divided by 11.
7
What is the remainder when 290 is divided by 147?
143
Calculate the remainder when 140 is divided by 63.
14
Calculate the remainder when 376 is divided by 28.
12
Calculate the remainder when 770 is divided by 18.
14
What is the remainder when 9610 is divided by 41?
16
What is the remainder when 649 is divided by 50?
49
What is the remainder when 8 is divided by 3?
2
Calculate the remainder when 218 is divided by 74.
70
What is the remainder when 159 is divided by 72?
15
Calculate the remainder when 334 is divided by 123.
88
Calculate the remainder when 89 is divided by 9.
8
What is the remainder when 11774 is divided by 15?
14
Calculate the remainder when 2147 is divided by 36.
23
Calculate the remainder when 221 is divided by 155.
66
What is the remainder when 6573 is divided by 25?
23
Calculate the remainder when 719 is divided by 148.
127
Calculate the remainder when 322 is divided by 82.
76
Calculate the remainder when 449 is divided by 113.
110
Calculate the remainder when 31 is divided by 16.
15
What is the remainder when 466 is divided by 47?
43
What is the remainder when 626 is divided by 21?
17
What is the remainder when 853 is divided by 123?
115
Calculate the remainder when 953 is divided by 131.
36
Calculate the remainder when 472 is divided by 11.
10
What is the remainder when 144 is divided by 25?
19
What is the remainder when 565 is divided by 151?
112
What is the remainder when 14655 is divided by 32?
31
What is the remainder when 4013 is divided by 999?
17
Calculate the remainder when 546 is divided by 267.
12
Calculate the remainder when 148 is divided by 87.
61
What is the remainder when 49 is divided by 21?
7
What is the remainder when 1082 is divided by 275?
257
Calculate the remainder when 22503 is divided by 22.
19
Calculate the remainder 